n divisor of 300 and 90996.
12
What is the greatest common factor of 2235646 and 483?
161
What is the greatest common divisor of 415664 and 8632?
664
What is the greatest common divisor of 975 and 64025?
325
What is the greatest common divisor of 43594 and 355?
71
What is the greatest common divisor of 77 and 145355?
7
What is the highest common divisor of 12366 and 46029?
687
Calculate the highest common factor of 71566 and 22.
22
Calculate the highest common divisor of 1164 and 9444.
12
Calculate the greatest common divisor of 121451 and 244.
61
What is the greatest common factor of 7093 and 127264?
41
Calculate the highest common divisor of 1299 and 2792417.
433
What is the greatest common factor of 1122 and 145794?
66
What is the greatest common factor of 1665694 and 34?
34
What is the greatest common divisor of 21038 and 1474?
134
What is the greatest common divisor of 1094058 and 931?
133
Calculate the highest common factor of 219253 and 466.
233
Calculate the greatest common factor of 752 and 25474.
94
What is the highest common divisor of 43286 and 10?
2
Calculate the highest common factor of 160873 and 76.
19
Calculate the greatest common factor of 122 and 50569.
61
What is the highest common divisor of 26290 and 110?
110
What is the greatest common divisor of 7 and 71771?
7
Calculate the greatest common factor of 1114945 and 5525.
1105
Calculate the highest common factor of 872 and 36733.
109
Calculate the highest common divisor of 144157 and 416.
13
Calculate the greatest common factor of 566 and 857773.
283
Calculate the highest common divisor of 955 and 68569.
191
What is the greatest common divisor of 648 and 8586?
162
What is the highest common divisor of 10974 and 18?
6
Calculate the greatest common divisor of 148946 and 266.
14
What is the highest common divisor of 10241 and 1045?
209
Calculate the greatest common factor of 185 and 77663.
37
Calculate the highest common factor of 660 and 18.
6
Calculate the highest common factor of 270 and 18830.
10
Calculate the greatest common divisor of 552 and 218776.
184
What is the highest common divisor of 149 and 594361?
149
Calculate the greatest common divisor of 468 and 99996.
156
What is the greatest common factor of 16942 and 788?
394
Calculate the highest common factor of 12284 and 16517.
83
What is the highest common factor of 4399 and 89252?
53
What is the highest common factor of 1 and 6269?
1
Calculate the highest common factor of 1845 and 405.
45
What is the greatest common factor of 33325 and 28595?
215
What is the greatest common factor of 4254992 and 28?
28
What is the greatest common factor of 166952 and 8?
8
What is the highest common divisor of 11434 and 4?
2
Calculate the greatest common divisor of 208 and 7568.
16
What is the greatest common divisor of 348 and 29319?
87
Calculate the highest common divisor of 50 and 9740.
10
What is the highest common factor of 73 and 9476?
1
Calculate the greatest common factor of 26169 and 99.
33
What is the highest common factor of 442060 and 16?
4
Calculate the highest common factor of 130 and 265070.
130
Calculate the greatest common factor of 18 and 27513.
9
What is the highest common factor of 6313 and 295?
59
Calculate the greatest common factor of 133627 and 247.
247
Calculate the greatest common divisor of 10593 and 8217.
99
What is the greatest common factor of 31 and 4813339?
31
Calculate the highest common factor of 572 and 719524.
52
What is the highest common factor of 817 and 171?
19
What is the greatest common factor of 288 and 83232?
288
What is the highest common divisor of 148 and 306?
2
What is the greatest common factor of 2466830 and 20?
10
What is the highest common factor of 136 and 791248?
136
Calculate the highest common divisor of 654081 and 1841.
263
What is the highest common factor of 600 and 17880?
120
What is the greatest common divisor of 118107 and 1188?
99
What is the highest common factor of 290234 and 378?
14
What is the greatest common divisor of 363 and 66308?
121
What is the greatest common factor of 141 and 295959?
141
Calculate the highest common divisor of 4437 and 5202.
153
Calculate the highest common factor of 54 and 9582.
6
What is the highest common factor of 8249 and 1921?
113
Calculate the greatest common divisor of 100 and 5950.
50
What is the highest common divisor of 13097 and 14?
7
Calculate the greatest common factor of 362316 and 8.
4
Calculate the greatest common factor of 1406524 and 9468.
1052
What is the highest common factor of 2 and 45139?
1
Calculate the highest common factor of 6174 and 1862.
98
What is the greatest common factor of 5215 and 4480?
35
Calculate the greatest common factor of 1889192 and 856.
856
What is the greatest common divisor of 264 and 22488?
24
What is the highest common divisor of 7397 and 13?
13
What is the greatest common factor of 5192 and 190157?
649
Calculate the greatest common divisor of 64 and 9888.
32
Calculate the greatest common factor of 593040 and 14.
14
Calculate the highest common factor of 19 and 2959687.
19
Calculate the greatest common factor of 97944 and 1155.
231
What is the highest common divisor of 94248 and 90090?
1386
Calculate the greatest common factor of 304 and 16.
16
Calculate the highest common divisor of 141 and 1401.
3
Calculate the greatest common divisor of 147 and 131649.
21
What is the highest common divisor of 234021 and 12?
3
Calculate the greatest common divisor of 13 and 7930.
13
What is the highest common factor of 42318 and 18?
18
What is the greatest common divisor of 20131 and 123?
41
Calculate the highest common divisor of 53256 and 36.
12
Calculate the greatest common factor of 78930 and 90.
90
What is the greatest common factor of 748 and 8296?
68
What is the greatest common divisor of 4630 and 430?
10
What is the highest common factor of 36 and 86013?
9
What is the greatest common divisor of 1118 and 246454?
26
Calculate the highest common divisor of 82290 and 104.
26
Calculate the highest common factor of 1122 and 1425314.
374
Calculate the greatest common factor of 144 and 143328.
48
Calculate the greatest common factor of 17805 and 270.
15
Calculate the highest common factor of 15072 and 2017764.
1884
What is the highest common divisor of 159942 and 276?
138
Calculate the highest common divisor of 68 and 5961730.
34
What is the greatest common divisor of 1266 and 2561751?
633
What is the highest common divisor of 12 and 77908?
4
What is the greatest common factor of 14271 and 426?
213
Calculate the greatest common divisor of 697749 and 39.
39
Calculate the highest common divisor of 16 and 18472.
8
Calculate the highest common factor of 1534 and 59708.
118
Calculate the highest common factor of 311213 and 161.
161
What is the highest common divisor of 2461 and 17120?
107
Calculate the greatest common divisor of 12 and 315432.
12
Calculate the greatest common factor of 391 and 466463.
391
Calculate the greatest common factor of 16 and 494.
2
What is the greatest common factor of 15 and 112935?
15
What is the greatest common factor of 13 and 760591?
13
What is the highest common factor of 1411 and 92711?
83
What is the highest common divisor of 154 and 29359?
11
What is the highest common divisor of 1680 and 378?
42
What is the highest common divisor of 90457 and 87014?
313
What is the greatest common divisor of 4773 and 888?
111
Calculate the highest common factor of 2947835 and 55.
55
Calculate the greatest common factor of 1404 and 668.
4
Calculate the highest common divisor of 80 and 4853440.
80
Calculate the greatest common divisor of 6903 and 8496.
531
Calculate the greatest common divisor of 587 and 5705053.
587
What is the greatest common factor of 2424 and 564?
12
Calculate the highest common divisor of 72 and 27414.
18
Calculate the highest common divisor of 1539137 and 23.
23
Calculate the greatest common factor of 201 and 2181453.
201
What is the highest common divisor of 2161828 and 428?
428
Calculate the greatest common divisor of 44 and 15818.
22
What is the greatest common factor of 1583864 and 464?
232
Calculate the greatest common factor of 59828 and 8.
4
Calculate the greatest common factor of 20 and 75380.
20
What is the highest common divisor of 72639 and 252?
63
Calculate t